mposite?
False
Suppose 39*p - 35*p = 4, 0 = o - p - 21148. Is o a composite number?
False
Let j(m) = -m**2 + 14*m - 13. Let i be j(6). Let z be ((-8)/(-3))/(i/(-15) + 3). Suppose z*y - 1117 = 3*y. Is y a composite number?
False
Let b(h) = -342*h**3 - h**2 - 50*h - 38. Is b(-5) a composite number?
False
Let f = 324 - 324. Suppose f = -3*t - 3*t + 101262. Is t a composite number?
True
Let d be -6 - (-5 - -1) - -1576. Suppose 943 = 3*n - d. Is n a composite number?
False
Let d(y) = 5*y - 1 + 1193*y**2 - 4 + 0*y - 4. Is d(-3) prime?
False
Suppose 4*v = -w, 2*v = -3*w - 2*w. Suppose -m = 2*x - v*x - 172, 3*x - 3*m - 240 = 0. Let c = x - -297. Is c a prime number?
False
Suppose 2*y + 39313 = q, 22*q - 39308 = 21*q + 3*y. Is q prime?
True
Let s = -18 + 49. Suppose 2*y - s - 5 = 0. Suppose 13*k + 275 = y*k. Is k prime?
False
Suppose 5*y + 2*p + 114 = 0, -4*y + 0*p + 3*p = 105. Let n(d) = -167*d - 101. Is n(y) a composite number?
False
Is -1*13 - 1017144/(-27) a prime number?
False
Suppose -4*g + 0*g = 3*u - 20124, -u + 5*g + 6708 = 0. Suppose -4*v = 4*z - u, -2*z - 2*v + 3*v = -3351. Let y = 807 + z. Is y a composite number?
True
Let s(z) = 589*z - 15. Let f be s(-13). Let i = 11381 + f. Is i a prime number?
True
Suppose -27 - 37 = -4*o. Suppose -4*k = 4*k - o. Is 2294/k - -3 - -1 a prime number?
True
Suppose 5*i + 20 = 0, 5*o + 7*i - 3*i = 114. Let c = 2141 - 1474. Let z = c - o. Is z a composite number?
False
Let n be (-4)/(-3)*90/20*-2. Is (4 - n)/(-4) + 4205 composite?
False
Let b(v) = 9*v**2 - 2*v. Let p be b(-2). Suppose 14*s = 10*s + p. Let i(w) = 14*w - 1. Is i(s) prime?
True
Let o = -12179 + 22346. Is o prime?
False
Let f(i) = 2*i**3 + 7*i**2 - 24*i - 11. Let b(z) = z**3 + 3*z**2 - 12*z - 5. Let j(d) = -7*b(d) + 3*f(d). Let u be j(-5). Is u*(-5)/(-25)*5 composite?
False
Suppose 5*t = 4*v - 520071 - 2516687, -3*v + 2277567 = -4*t. Is v a prime number?
False
Suppose 2*z = 5*j - 2*z - 836, -3*j = 2*z - 506. Let x = j - -2869. Is x composite?
False
Suppose -119*t - 35082 = -2*z - 117*t, t - 35076 = -2*z. Is z a prime number?
True
Let c = 52 - 57. Let d(l) = -29*l**3 - l**2 - 2*l + 25. Is d(c) a composite number?
True
Suppose 5*o + 18641 - 50870 = 4*u, 3*u - 12 = 0. Is o a prime number?
True
Suppose -5*g - 3 - 57 = 0. Let f(u) = 33*u + 7. Let n(i) = -33*i - 7. Let v(j) = -3*f(j) - 2*n(j). Is v(g) prime?
True
Suppose -5*f + 11*f = -36. Let h(w) = -w**2 - 7*w - 17. Let d be h(f). Let q(j) = -8*j - 9. Is q(d) a composite number?
False
Let z(r) = -r - 23. Let p be z(-26). Suppose -3 = 4*l + p*y + 12, 0 = 5*y - 15. Is l*(-3)/(-6)*(-3342)/18 prime?
True
Suppose 2*n + 16 = 3*s, 12*n = -2*s + 11*n - 1. Suppose -14 = -0*h - h. Is (21 + s)*h/2 a composite number?
True
Suppose -5*r = 691 - 2731. Let z = r + -61. Is z a prime number?
True
Let m = -25841 + 98188. Is m composite?
True
Let g(f) = 890*f**2 + 5*f - 15. Let c be g(2). Suppose -1938 = -3*y + c. Is y composite?
False
Let f(q) = -q**3 - q**2 - 2*q + 169. Let x be f(0). Let v = x - -165. Suppose 878 = 4*r - v. Is r composite?
True
Let b(u) be the second derivative of -59*u**3/6 - 50*u**2 - 23*u. Is b(-13) prime?
False
Let u(t) = -651*t**3 + 11*t + 7. Let a be u(-3). Suppose 15*z = 10319 + a. Is z composite?
True
Let k = -1605859 - -2301630. Is k a prime number?
True
Suppose -13*h = -h + 67584. Let n = h + 10121. Is n prime?
False
Suppose 2*i - 159767 = -y, 36*y - 32*y = 4*i + 639140. Is y a composite number?
False
Suppose 0 = b + 5*o + 23678, 3*b + 52762 + 18262 = -5*o. Let k = -14522 - b. Is k composite?
False
Suppose p - 7 + 3 = 0, 5*x + p + 31 = 0. Let g(r) = 28*r**2 + 12*r + 25. Is g(x) prime?
False
Suppose 10*k - 72 = -12. Suppose 8*z - k*z - 40592 = 0. Suppose -4*x + 4524 = 4*i - z, 2*i = -5*x + 12398. Is i a composite number?
True
Let v = -252304 + 486383. Is v a composite number?
True
Is 112/(-392) + 1481531/7 prime?
False
Let j(f) = f**2 + 13*f + 5. Let k(h) = -2*h**2 - 27*h - 9. Let a(s) = -9*j(s) - 4*k(s). Suppose 31 = -x - 5*d, -2*d - 16 = -0*x + x. Is a(x) a composite number?
True
Suppose -3*y - 7 = -w, -3*w + 0 + 9 = 3*y. Let c(v) = 2*v**2 + w*v - 6 - 7 + 34*v**2. Is c(-6) a prime number?
True
Let t(b) = 99*b**3 - 19*b**2 + 65*b + 119. Let g(v) = -20*v**3 + 4*v**2 - 13*v - 24. Let m(n) = 11*g(n) + 2*t(n). Is m(-9) a prime number?
False
Is 11/(-132)*-4*(593222 + 6 + -5) composite?
False
Is (2/(-8)*6)/(456/(-59573968)) composite?
False
Suppose -3*i - 2*v + 624 = 0, 0*i + 3*v + 403 = 2*i. Let y = i - 124. Is (1 + y)/(2/14) composite?
True
Let k be 2/11 + 140/77. Let x = -106 + 105. Is 110/33*(k - x) composite?
True
Suppose -9*s + 0*s = -11313. Suppose 2*r = 2*v - 1398, -5*v - s + 4732 = -r. Is v composite?
True
Let j = 41 + -42. Let p be (-114 + j)*3*(-232)/60. Let m = -589 + p. Is m a composite number?
True
Is (4356204/(-42))/(1/((-28)/8))*1 composite?
False
Let h(x) = 44*x**3 + 11*x**2 - 3*x - 5. Let c be h(5). Suppose 111*f + c = 116*f. Is f prime?
True
Let s = 417643 + -158145. Is s a composite number?
True
Suppose -16*j + 23*j = 21*j - 2026262. Is j composite?
True
Let h = 244712 + -92893. Is h a composite number?
True
Let a(p) = 2*p**2 + 7*p + 3. Let v be a(-7). Let c be 4/(-26) - (-112)/v. Is (21/(-63))/(c/(-9618)) a prime number?
False
Let u = 170 - 110. Is (-3 + 7981)*30/u a prime number?
True
Let a = -148570 - -260589. Is a a composite number?
False
Let l be -6 + -10 + (3 - (-1 + 0)). Is (1 + 1)*((-1806)/l + 3) a prime number?
True
Let a = 726627 + -414086. Is a a composite number?
True
Let g(q) be the first derivative of 149*q**3/3 - 4*q**2 + 91*q + 82. Is g(6) prime?
True
Suppose 4*o + 83*x = 87*x + 3856612, 0 = -2*o + 3*x + 1928300. Is o composite?
True
Is (-16 - 1638/(-104))/(2/(-348376)) a prime number?
False
Let y(l) = -236*l**2 - 5*l + 2. Let s be y(-4). Let r(a) = 91*a**2 - 31*a - 5. Let m be r(8). Let c = m + s. Is c a composite number?
True
Suppose 0 = -p + 3*x + 39211, -41*x + 38*x + 39211 = p. Is p a composite number?
True
Suppose -4*b + 11 = -1. Let n be (6 - 1) + b + 4 + -9. Suppose -n*s + k = -655 - 795, -3*s = k - 1460. Is s prime?
False
Let j(y) = -3*y - 8. Let l be j(8). Let u be 8/l + (18/8 - 2). Suppose u*f - 2*f = 5*h - 633, -3*f = -2*h - 959. Is f a composite number?
True
Suppose -4*b - 519 + 27 = 5*w, -4*b = -2*w + 520. Let a = b + 2421. Is a a composite number?
False
Suppose 0 = -2*t + 6516 + 8228. Suppose 3*j = 9, -35*j = -m - 36*j + t. Is m composite?
False
Let r = 42 - 40. Suppose -r*y + 7 = -11. Suppose -3*f - y + 75 = 0. Is f composite?
True
Let j(w) = 4398*w**2 + w + 2. Suppose 4*u - 27 = -31. Is j(u) composite?
True
Suppose -l - j = -1, j - 8 = -4*l - j. Suppose -4*d = 2*s - 43550, s - 32660 = l*d - 6*d. Suppose 11*i = 18*i - d. Is i a prime number?
False
Suppose 0 = -5*u - 4*g + 352, 2*u + g - 202 = -60. Suppose -477 = -5*w - u. Is (-9)/(9/(-2)) + w a prime number?
True
Let f = -810 - -874. Suppose 71*t - 42049 = f*t. Is t a prime number?
True
Let v be (5 - (-35)/(-5)) + (-38)/2. Let y be ((-12)/(-14))/(57/v + 3). Suppose y = 5*j + 13, 5*u - 4*j = 283. Is u a composite number?
True
Let m = 365 + -362. Suppose -25*o + 515004 = m*o. Is o a composite number?
True
Suppose -11*j - 88 = -7*j. Let b(s) = -70*s - 42. Let r be b(j). Suppose u - 698 = -l, -5*l = 4*u - 4987 + r. Is l composite?
True
Let l(q) = 2*q**3 - 3*q**2 + 3*q - 3. Let w be l(3). Let t(p) = p**3 - 33*p**2 + 2*p + 40. Is t(w) a prime number?
False
Let a = -919 - -935. Suppose 44*p = a*p + 119980. Is p composite?
True
Suppose -39661 = 23*z - 40*z. Is z prime?
True
Suppose -j - 23*w + 81016 = -28*w, j + 2*w - 81037 = 0. Is j composite?
False
Is (1 - 17342)/((-3)/9*3) a prime number?
True
Let w = -8 - -39. Let i = w - 24. Suppose 6*s = i*s - 587. Is s composite?
False
Suppose 5*d - 70177 - 61368 = 0. Is d a composite number?
False
Suppose 298*z + 8 = 302*z. Suppose 0 = 3*n - 15, 5*q = 8*q + z*n - 2713. Is q a prime number?
False
Let b(f) = 2*f**2 - 7*f - 2 - 1 + f. Let y be b(3). Is ((-53)/(-3))/(y + 10/3) composite?
False
Let u = -175 + 176. Is 154 + ((-40)/(-8))/u composite?
True
Let y = -76781 + 132567. Is y a prime number?
False
Suppose -16*x + 7*x + 126 = 0. Suppose 0 = 3*k - 4*j - 11 - 11, k + 4*j + x = 0. Suppose 3*r - 2*h = 865, -k*r = r - 5*h - 853. Is r composite?
True
Let q be 